emainder when ((-3)/y)/((-1)/80) is divided by 21?
19
Suppose -5 = 4*y - 5*y. Suppose -14 = -y*n + 36. What is the remainder when 18 is divided by (-2)/n + (-102)/(-10)?
8
Let o = 16 - 4. Suppose 3*u + 682 = 6*u - 2*d, d = 4. Suppose -4*p - p + u = 0. What is the remainder when p is divided by o?
10
Suppose 3*q = 38 + 55. Calculate the remainder when q is divided by 15/10*(-44)/(-6).
9
Let y be 2*(1 - 9/(-6)). Let m(n) be the first derivative of 3*n**2/2 + 5*n - 3. Calculate the remainder when 59 is divided by m(y).
19
Let q = 11 + -5. Let w = 11 + q. What is the remainder when w is divided by 10?
7
Let k(p) = 38*p**2 + 2*p - 1. What is the remainder when k(1) is divided by 20?
19
Suppose 0 = 4*i - 130 - 130. Let b(o) = o**3 - 4*o**2 - 2*o + 7. What is the remainder when i is divided by b(5)?
21
Suppose 0*o + 3*o - 5*f = 75, 50 = 2*o - 3*f. Let z(a) = a**3 - 23*a**2 + 25*a - 19. What is the remainder when z(22) is divided by o?
22
Let o = 36 + -129. Let g = o + 130. Calculate the remainder when g is divided by 13.
11
Let l(g) = g + 2 + g**2 - 2*g + 5*g. Let n be 1*(0 + -6)*1. What is the remainder when l(n) is divided by 8?
6
Let x = -19 - -65. Calculate the remainder when x is divided by 16.
14
Suppose -a + 2 = 0, 2*t + 2*a = t + 38. Suppose 5*k - 3 = 87. What is the remainder when t is divided by k?
16
Let v(f) = f**3 + 7*f**2 + f + 9. Suppose -87*x = -83*x - 8. What is the remainder when v(-7) is divided by x?
0
Let g = -4 - -4. Suppose -3*u = -g*u - 4*x - 39, -3*x = 0. What is the remainder when u is divided by 8?
5
Suppose 3*f + 90 = 9*f. What is the remainder when 16 is divided by f?
1
Let z be ((-2)/(-4))/((-2)/732). Suppose 0 = -2*q + q + 2*i - 2, -5*i = -5*q - 15. What is the remainder when 2/8 + z/q is divided by 16?
14
Let i(y) = y**3 + 4*y**2 - y - 7. Let f be i(-3). Suppose h - 7 = 3*v, 4*h - f*v - 32 = 24. Calculate the remainder when h is divided by 11.
8
Let d = 33 + -21. Let j(x) = -7 + 2 - 4*x + 11*x - x**2. Calculate the remainder when d is divided by j(4).
5
Suppose 30 = 3*a + 4*m - 32, -a = -4*m - 10. Let d = a + 26. What is the remainder when d is divided by 23?
21
Let v = 5 - 2. Suppose 5*q = -v*n - n + 24, -5*q = -n - 19. Calculate the remainder when 11 is divided by q.
3
Let u(t) = t**2 + 3. Let y(m) = -m**2 + 4*m + 5. Let i be y(5). Calculate the remainder when 7 is divided by u(i).
1
Let k(u) = 2 + 0*u - 6*u + u - 3*u**2 + 3*u. Let m be k(-2). Let o = m + 11. Calculate the remainder when 19 is divided by o.
4
Let c(l) = 2 + 5*l + 5 - 6 + 1. What is the remainder when 79 is divided by c(5)?
25
Suppose -4*r = -2*s + 2 - 18, 68 = -5*s - 4*r. Let d(l) = -l**3 - 13*l**2 - 15*l + 7. Let p = 31 + -16. Calculate the remainder when d(s) is divided by p.
13
Let m(u) = u**2 + 3*u - 4. Let n be m(-6). Suppose n = t - 3. Suppose 0 = -r - 2*r + 18. What is the remainder when t is divided by r?
5
Suppose 12 = f - 4*p - 5, 2*f - 84 = -2*p. What is the remainder when 257 is divided by f?
35
Let x be -75*(-3)/((-15)/4). Let h = x - -90. What is the remainder when h is divided by 17?
13
Suppose 5*h + 25 = 0, -5*i + h + 18 + 17 = 0. Calculate the remainder when 2 + (-32)/18 + (-1056)/(-108) is divided by i.
4
Suppose 6*o - 33 = 39. Calculate the remainder when 22 is divided by o.
10
Suppose 0 = -5*z - 2*k + 67, -7*z = -2*z - 4*k - 91. Suppose -17*i + 736 = 260. Calculate the remainder when i is divided by z.
13
Let u(m) = -3*m. Suppose 3 = 2*s + s. Suppose -4*j + i = 4, -s = j + i - 0. What is the remainder when 9 is divided by u(j)?
0
Let a = 20 + -14. Let w = -5 + a. Calculate the remainder when 3 is divided by w.
0
Let z(k) be the second derivative of -k**4/12 + 5*k**3/6 - k**2 + 8*k. Let r = -5 - -8. What is the remainder when 5 is divided by z(r)?
1
Calculate the remainder when 65 is divided by 25 - 9/((-18)/(-4)).
19
Suppose 5*p = p. Let q be 7 + 1/(2/(-4)). Suppose p*m - 3*y + 5 = -2*m, -q*m = -5*y. Calculate the remainder when m is divided by 2.
1
Let z = 49 + 1. What is the remainder when z is divided by 13?
11
Let s = 25 - 12. Let p = s + -6. Let b = -1 + 3. Calculate the remainder when p is divided by b.
1
Suppose -2*i = 2*i - 80. What is the remainder when 77 is divided by i?
17
Suppose 6*x = x - 10. Let i = x - -5. Suppose -i*k + 4*k - 38 = 0. Calculate the remainder when k is divided by 10.
8
Let q(n) = 4*n - 11. Calculate the remainder when 3 is divided by q(3).
0
Suppose 2 = 5*u + q + 1, -u - 1 = -q. Suppose u*r = -r + 8. Calculate the remainder when 29 is divided by r.
5
Let a be (6/(-18))/(1/(-3)). Let u(x) = 3*x**2 - x. Calculate the remainder when 5 is divided by u(a).
1
Let v(p) = p**3 - 3*p**2 - 4*p - 19. What is the remainder when v(6) is divided by 17?
14
Suppose -4*p + 47 = -33. Calculate the remainder when 59 is divided by p.
19
Let g = 42 - 77. Let i = -22 - g. Suppose -3*r + 4*r - 38 = 0. Calculate the remainder when r is divided by i.
12
Let j = 33 + -4. What is the remainder when j is divided by 16?
13
Let h(x) = -5*x + 93. What is the remainder when h(0) is divided by 20?
13
Let n = 18 + -6. Calculate the remainder when n is divided by -1 + -3 + -2 + 13.
5
Let g(t) = -3*t**3 - 2*t**2 + 3*t + 5. What is the remainder when 27 is divided by g(-2)?
12
Suppose 3*k - 75 = 102. What is the remainder when k is divided by 31?
28
Let k = -39 + 157. What is the remainder when k is divided by 30?
28
Suppose 5*n - 35 + 5 = 0. Let y(o) = -6*o + 4*o**2 - 2*o + 4 - 3*o**2. What is the remainder when n is divided by y(8)?
2
What is the remainder when ((-6)/1)/(1/(-8)) is divided by ((-340)/51)/((-2)/3)?
8
Let q(b) = 21*b - 1. What is the remainder when 77 is divided by q(1)?
17
Suppose -5*n + n = -5*u + 72, 5*u - 3*n = 69. Let q = -6 + u. Suppose -i + g = -q, -g + 8 = 2*i + g. Calculate the remainder when i is divided by 3.
2
Let m = 0 - 2. Suppose -t = -5*b + 77, 0 = 2*b - 6*b - 4*t + 76. Calculate the remainder when (2 + -25)/(1/m) is divided by b.
14
Let c = -23 - -33. Calculate the remainder when 17 is divided by c.
7
Suppose -3*x = 3*f - 102, -x - 4*f = -2*x + 24. Let h(q) be the second derivative of q**3/6 + 11*q**2/2 - q. Calculate the remainder when x is divided by h(0).
10
What is the remainder when 183 is divided by (8/(-12))/(3*(-2)/333)?
35
Suppose -54 = -4*z + 94. Let q = 26 + -18. Suppose 2*o - 30 = q. What is the remainder when z is divided by o?
18
Let u = 3 - 1. Suppose -m + 13 = -u. Calculate the remainder when 58 is divided by m.
13
Let o(d) = -4*d**2 - 2*d - 1. Let k be o(-1). Let y be 4*-13*k/6. Let c = y - 14. Calculate the remainder when 23 is divided by c.
11
Let t = 164 - 156. Let j(k) = k**3 + 2*k**2 - 4*k + 2. Let d be j(-5). Let v = -22 - d. Calculate the remainder when v is divided by t.
7
Let c(j) = -5*j - 3. Let q be c(-2). Let b = 27 + q. What is the remainder when b is divided by 18?
16
Suppose -10*k + 63 = -7*k. What is the remainder when 89 is divided by k - ((-8)/(-4))/(-1)?
20
Suppose 4*x + 22 = -p, 4*p - 4*x = -0*p - 8. Let v(a) = -a**2 + 10*a - 2. Calculate the remainder when (-2)/6 - 410/p is divided by v(5).
22
Let i(y) = 13*y - 54. What is the remainder when i(16) is divided by 13?
11
Let y(k) = -k - 3. Let q = 22 - 33. What is the remainder when 14 is divided by y(q)?
6
Let h = -36 - -24. Calculate the remainder when 24 is divided by 2 + 10 + h/4.
6
Suppose -2*n - 7 = 19. Suppose 8*k = 4*k - 84. Let u = n - k. What is the remainder when 15 is divided by u?
7
Let h = 137 - 120. What is the remainder when 43 is divided by h?
9
Let y = 281 + -194. What is the remainder when y is divided by 18?
15
Let t = 19 + -5. Calculate the remainder when t is divided by 2.
0
Let w(h) = -11*h + 4. Let p(o) = -22*o + 8. Let d(c) = -3*p(c) + 7*w(c). Let m = -11 - -30. Calculate the remainder when d(-3) is divided by m.
18
Suppose -15 = 3*u - 42. Suppose 5*k - 5*h - 47 = -2, -1 = k + h. Calculate the remainder when (-6)/u - (-40)/6 is divided by k.
2
Let s(m) = -2*m**3 - 3*m**2 - 4*m - 3. Calculate the remainder when (-200)/(-9) - (-6)/(-27) - -3 is divided by s(-2).
7
Suppose 7 = -5*a + 17. Suppose 0 = -s - 5, a*l - s - 20 = 51. Calculate the remainder when l is divided by 9.
6
Let j = 4 + -2. Suppose -j*y - 76 = -4*y. Calculate the remainder when y is divided by 13.
12
Suppose 30 + 20 = j - v,